?
5062
What is the remainder when 22950 is divided by 2571?
2382
Calculate the remainder when 19728 is divided by 457.
77
Calculate the remainder when 75011 is divided by 18736.
67
What is the remainder when 4188396 is divided by 9391?
10
Calculate the remainder when 1874653 is divided by 3619.
11
What is the remainder when 75233043 is divided by 42?
39
What is the remainder when 158181 is divided by 11291?
107
Calculate the remainder when 84753 is divided by 70.
53
What is the remainder when 18243612 is divided by 15?
12
Calculate the remainder when 3591762 is divided by 448970.
2
What is the remainder when 1805795 is divided by 684?
35
Calculate the remainder when 8510941 is divided by 1272.
1261
Calculate the remainder when 5835359 is divided by 230.
29
What is the remainder when 2379893 is divided by 339975?
68
What is the remainder when 5222877 is divided by 1740948?
33
What is the remainder when 2030698 is divided by 20?
18
Calculate the remainder when 244037 is divided by 245.
17
What is the remainder when 3264473 is divided by 634?
7
Calculate the remainder when 3686768 is divided by 83790.
8
Calculate the remainder when 3784311 is divided by 628.
611
Calculate the remainder when 4411142 is divided by 1638.
8
Calculate the remainder when 56116 is divided by 18679.
79
Calculate the remainder when 903194 is divided by 845.
734
Calculate the remainder when 6826266 is divided by 194.
182
What is the remainder when 135061 is divided by 134891?
170
Calculate the remainder when 168435 is divided by 55970.
525
What is the remainder when 2160634 is divided by 308?
14
Calculate the remainder when 379583012 is divided by 784.
4
What is the remainder when 382489 is divided by 191232?
25
What is the remainder when 211877 is divided by 6420?
17
Calculate the remainder when 126179 is divided by 2050.
1129
What is the remainder when 25655024 is divided by 67336?
8
What is the remainder when 104875 is divided by 50792?
3291
What is the remainder when 36201893 is divided by 15?
8
Calculate the remainder when 22074360 is divided by 1471623.
15
Calculate the remainder when 70446 is divided by 16889.
2890
Calculate the remainder when 37286 is divided by 8556.
3062
What is the remainder when 5888087 is divided by 5888028?
59
Calculate the remainder when 933884 is divided by 45.
44
What is the remainder when 2584438 is divided by 169?
90
What is the remainder when 2698543 is divided by 394?
37
What is the remainder when 1007435 is divided by 41976?
11
Calculate the remainder when 1853687 is divided by 617849.
140
Calculate the remainder when 674118 is divided by 110481.
11232
Calculate the remainder when 41516194 is divided by 4714.
4710
Calculate the remainder when 27658 is divided by 26373.
1285
Calculate the remainder when 3179171 is divided by 23.
19
Calculate the remainder when 1342005 is divided by 335434.
269
What is the remainder when 184186 is divided by 226?
222
What is the remainder when 769902 is divided by 10129?
98
Calculate the remainder when 415409 is divided by 21848.
297
Calculate the remainder when 286159057 is divided by 3144605.
2
Calculate the remainder when 26559595 is divided by 114.
103
What is the remainder when 149591 is divided by 144?
119
Calculate the remainder when 1489790 is divided by 10877.
10518
Calculate the remainder when 1748756 is divided by 455.
191
What is the remainder when 32017565 is divided by 185?
170
Calculate the remainder when 11021311 is divided by 2939.
61
What is the remainder when 11021 is divided by 9621?
1400
What is the remainder when 2900836 is divided by 211?
8
What is the remainder when 42215456 is divided by 284?
276
Calculate the remainder when 8424574 is divided by 74.
44
Calculate the remainder when 37060207 is divided by 8.
7
What is the remainder when 185036 is divided by 11562?
44
Calculate the remainder when 2545179 is divided by 99.
87
Calculate the remainder when 87310 is divided by 4235.
2610
What is the remainder when 4638500 is divided by 1958?
1956
Calculate the remainder when 10348 is divided by 2025.
223
Calculate the remainder when 19887403 is divided by 74.
51
What is the remainder when 2368609 is divided by 1179?
1177
Calculate the remainder when 644538 is divided by 3621.
0
What is the remainder when 94867 is divided by 18833?
702
Calculate the remainder when 1472309 is divided by 2315.
2284
What is the remainder when 1108388 is divided by 2548?
8
What is the remainder when 3470156 is divided by 126?
116
What is the remainder when 85227 is divided by 20?
7
What is the remainder when 6552103 is divided by 130?
103
What is the remainder when 210619 is divided by 23293?
982
Calculate the remainder when 226730 is divided by 7083.
74
Calculate the remainder when 3473912 is divided by 13412.
204
Calculate the remainder when 219767 is divided by 37.
24
Calculate the remainder when 288108 is divided by 1912.
1308
What is the remainder when 200994 is divided by 537?
156
Calculate the remainder when 21504 is divided by 216.
120
Calculate the remainder when 2501641 is divided by 428.
409
Calculate the remainder when 34791 is divided by 252.
15
Calculate the remainder when 229002 is divided by 228739.
263
What is the remainder when 10766079 is divided by 145487?
41
What is the remainder when 19543260 is divided by 320381?
19
What is the remainder when 858264 is divided by 486?
474
What is the remainder when 27245896 is divided by 301?
279
Calculate the remainder when 5188397 is divided by 35.
32
Calculate the remainder when 151748289 is divided by 430.
429
What is the remainder when 128494 is divided by 5918?
4216
What is the remainder when 293800335 is divided by 41?
34
Calculate the remainder when 48413158 is divided by 184783.
12
Calculate the remainder when 651924 is divided by 833.
518
What is the remainder when 736437 is divided by 38?
35
Calculate the remainder when 127594 is divided by 54.
46
What is the remainder when 12175 is divided by 755?
95
Calculate the remainder when 880897 is divided by 2832.
145
Calculate the remainder when 3046189 is divided by 373.
271
Calculate the remainder when 3228202 is divided by 2155.
12
Calculate the remainder when 72423316 is divided by 33.
31
What is the remainder when 688940 is divided by 114626?
1184
Calculate the remainder when 42063782 is divided by 170.
2
What is the remainder when 2195324 is divided by 2838?
1550
Calculate the remainder when 2611953 is divided by 992.
17
Calculate the remainder when 8391723 is divided by 111.
12
Calculate the remainder when 27626 is divided by 1831.
161
What is the remainder when 2059629 is divided by 711?
573
What is the remainder when 952733 is divided by 317472?
317
What is the remainder when 3383710 is divided by 556?
450
What is the remainder when 453489 is divided by 147644?
10557
Calculate the remainder when 675279 is divided by 9077.
3581
What is the remainder when 428677 is divided by 1319?
2
Calculate the remainder when 1047112 is divided by 566.
12
What is the remainder when 107486 is divided by 757?
749
Calculate the remainder when 16979613 is divided by 144.
141
Calculate the remainder when 12735640 is divided by 72775.
15
Calculate the remainder when 622638 is divided by 10.
8
Calculate the remainder when 453249 is divided by 565.
119
What is the remainder when 19581012 is divided by 801?
567
What is the remainder when 1801989 is divided by 149?
132
What is the remainder when 6197 is divided by 402?
167
Calculate the remainder when 14103384 is divided by 5664.
24
What is the remainder when 1774247 is divided by 657?
347
Calculate the remainder when 8314 is divided by 2573.
595
Calculate the remainder when 2577399 is divided by 493.
488
Calculate the remainder when 798239 is divided by 399044.
151
Calculate the remainder when 348974 is divided by 8632.
3694
Calculate the remainder when 830715 is divided by 83068.
35
What is the remainder when 3044301 is divided by 384?
333
Calculate the remainder when 1972859 is divided by 31315.
14
What is the remainder when 27837 is divided by 13197?
1443
Calculate the remainder when 465605 is divided by 7390.
35
What is the remainder when 11977017 is divided by 22?
19
What is the remainder when 10427 is divided by 7503?
2924
Calculate the remainder when